{"id":11214,"date":"2019-11-20T17:39:52","date_gmt":"2019-11-20T20:39:52","guid":{"rendered":"http:\/\/www.viajuntos.com.br\/wordpress\/?page_id=11214"},"modified":"2019-11-20T22:06:34","modified_gmt":"2019-11-21T01:06:34","slug":"mini-camper","status":"publish","type":"page","link":"https:\/\/viajuntos.com.br\/wordpress\/mini-camper\/","title":{"rendered":"Mini Campervans &#8211; As vantangens de ter um quase motorhome (S\u00f3 que n\u00e3o)"},"content":{"rendered":"\n<h1><strong>Este espa\u00e7o \u00e9 dedicado aos engenheiros (kkkkk), que montam sua pequena casa\u00a0 em um carro.<\/strong><\/h1>\n<p>\u00a0<\/p>\n<h2 style=\"text-align: center;\"><strong>Mini Camper &#8211; Fiat Ideia 2012<\/strong><\/h2>\n\n\n\n<figure class=\"wp-block-image\"><img decoding=\"async\" loading=\"lazy\" width=\"1024\" height=\"768\" src=\"http:\/\/www.viajuntos.com.br\/wordpress\/wp-content\/uploads\/2019\/11\/IMG_20191117_090010819-1024x768.jpg\" alt=\"\" class=\"wp-image-11216\" srcset=\"https:\/\/viajuntos.com.br\/wordpress\/wp-content\/uploads\/2019\/11\/IMG_20191117_090010819.jpg 1024w, https:\/\/viajuntos.com.br\/wordpress\/wp-content\/uploads\/2019\/11\/IMG_20191117_090010819-300x225.jpg 300w, https:\/\/viajuntos.com.br\/wordpress\/wp-content\/uploads\/2019\/11\/IMG_20191117_090010819-768x576.jpg 768w, https:\/\/viajuntos.com.br\/wordpress\/wp-content\/uploads\/2019\/11\/IMG_20191117_090010819-475x356.jpg 475w, https:\/\/viajuntos.com.br\/wordpress\/wp-content\/uploads\/2019\/11\/IMG_20191117_090010819-360x270.jpg 360w\" sizes=\"(max-width: 1024px) 100vw, 1024px\" \/><figcaption>                                                                               <strong>Olha o sorriso de alegria<\/strong><\/figcaption><\/figure>\n\n\n\n\n\n<figure class=\"wp-block-image is-resized\"><img decoding=\"async\" loading=\"lazy\" src=\"http:\/\/www.viajuntos.com.br\/wordpress\/wp-content\/uploads\/2019\/11\/download-1.png\" alt=\"\" class=\"wp-image-11219\" width=\"652\" height=\"546\" srcset=\"https:\/\/viajuntos.com.br\/wordpress\/wp-content\/uploads\/2019\/11\/download-1.png 493w, https:\/\/viajuntos.com.br\/wordpress\/wp-content\/uploads\/2019\/11\/download-1-300x251.png 300w, https:\/\/viajuntos.com.br\/wordpress\/wp-content\/uploads\/2019\/11\/download-1-475x398.png 475w\" sizes=\"(max-width: 652px) 100vw, 652px\" \/><figcaption>                                                                 <strong>Voc\u00ea pode acampar em qualquer lugar<\/strong><\/figcaption><\/figure>\n\n\n\n<figure class=\"wp-block-image is-resized\"><img decoding=\"async\" loading=\"lazy\" src=\"http:\/\/www.viajuntos.com.br\/wordpress\/wp-content\/uploads\/2019\/11\/download-1-1.png\" alt=\"\" class=\"wp-image-11220\" width=\"638\" height=\"534\" srcset=\"https:\/\/viajuntos.com.br\/wordpress\/wp-content\/uploads\/2019\/11\/download-1-1.png 493w, https:\/\/viajuntos.com.br\/wordpress\/wp-content\/uploads\/2019\/11\/download-1-1-300x251.png 300w, https:\/\/viajuntos.com.br\/wordpress\/wp-content\/uploads\/2019\/11\/download-1-1-475x398.png 475w\" sizes=\"(max-width: 638px) 100vw, 638px\" \/><figcaption>                                                      <strong>Lavar a lou\u00e7a em qualquer lugar \u00e9 sensacional. kkkkk<\/strong> <\/figcaption><\/figure>\n\n\n\n<figure class=\"wp-block-image is-resized\"><img decoding=\"async\" loading=\"lazy\" src=\"http:\/\/www.viajuntos.com.br\/wordpress\/wp-content\/uploads\/2019\/11\/download-2.png\" alt=\"\" class=\"wp-image-11222\" width=\"651\" height=\"545\" srcset=\"https:\/\/viajuntos.com.br\/wordpress\/wp-content\/uploads\/2019\/11\/download-2.png 493w, https:\/\/viajuntos.com.br\/wordpress\/wp-content\/uploads\/2019\/11\/download-2-300x251.png 300w, https:\/\/viajuntos.com.br\/wordpress\/wp-content\/uploads\/2019\/11\/download-2-475x398.png 475w\" sizes=\"(max-width: 651px) 100vw, 651px\" \/><figcaption>                                                      <strong>        Poder escolher a melhor vista do quarto.<\/strong><\/figcaption><\/figure>\n\n\n\n\n\n<div class=\"wp-block-image\"><figure class=\"aligncenter is-resized\"><img decoding=\"async\" loading=\"lazy\" src=\"http:\/\/www.viajuntos.com.br\/wordpress\/wp-content\/uploads\/2019\/11\/download-3.png\" alt=\"\" class=\"wp-image-11224\" width=\"672\" height=\"562\" srcset=\"https:\/\/viajuntos.com.br\/wordpress\/wp-content\/uploads\/2019\/11\/download-3.png 493w, https:\/\/viajuntos.com.br\/wordpress\/wp-content\/uploads\/2019\/11\/download-3-300x251.png 300w, https:\/\/viajuntos.com.br\/wordpress\/wp-content\/uploads\/2019\/11\/download-3-475x398.png 475w\" sizes=\"(max-width: 672px) 100vw, 672px\" \/><figcaption>                                                                 <strong>    Fazer refei\u00e7\u00f5es ao  na natureza<\/strong><\/figcaption><\/figure><\/div>\n\n\n\n<div class=\"wp-block-image\"><figure class=\"aligncenter is-resized\"><img decoding=\"async\" loading=\"lazy\" src=\"http:\/\/www.viajuntos.com.br\/wordpress\/wp-content\/uploads\/2019\/11\/download-4.png\" alt=\"\" class=\"wp-image-11225\" width=\"676\" height=\"566\" srcset=\"https:\/\/viajuntos.com.br\/wordpress\/wp-content\/uploads\/2019\/11\/download-4.png 493w, https:\/\/viajuntos.com.br\/wordpress\/wp-content\/uploads\/2019\/11\/download-4-300x251.png 300w, https:\/\/viajuntos.com.br\/wordpress\/wp-content\/uploads\/2019\/11\/download-4-475x398.png 475w\" sizes=\"(max-width: 676px) 100vw, 676px\" \/><figcaption>                             <strong>                Aula de Culin\u00e1ria ao ar livre  (N\u00e3o tem pre\u00e7o)<\/strong><\/figcaption><\/figure><\/div>\n\n\n\n<figure class=\"wp-block-image is-resized\"><img decoding=\"async\" loading=\"lazy\" src=\"http:\/\/www.viajuntos.com.br\/wordpress\/wp-content\/uploads\/2019\/11\/download-5.png\" alt=\"\" class=\"wp-image-11229\" width=\"653\" height=\"547\" srcset=\"https:\/\/viajuntos.com.br\/wordpress\/wp-content\/uploads\/2019\/11\/download-5.png 493w, https:\/\/viajuntos.com.br\/wordpress\/wp-content\/uploads\/2019\/11\/download-5-300x251.png 300w, https:\/\/viajuntos.com.br\/wordpress\/wp-content\/uploads\/2019\/11\/download-5-475x398.png 475w\" sizes=\"(max-width: 653px) 100vw, 653px\" \/><figcaption>                                                                    <strong>Acordar cada dia em um lugar novo<\/strong><\/figcaption><\/figure>\n\n\n\n<h3>Se voc\u00ea esta lendo este post e tem um carro adaptado para viajar, nos conte aqui nos coment\u00e1rios. Queremos conhecer outros projetos como o nosso, vamos trocar figurinhas ;).<\/h3>\n\n\n\n[embedyt] https:\/\/www.youtube.com\/watch?v=q_odDhOmZ2M[\/embedyt]\n","protected":false},"excerpt":{"rendered":"<p>Este espa\u00e7o \u00e9 dedicado aos engenheiros (kkkkk), que montam sua pequena casa\u00a0 em um carro. \u00a0 Mini Camper &#8211; Fiat [&hellip;]<\/p>\n","protected":false},"author":2,"featured_media":0,"parent":0,"menu_order":0,"comment_status":"closed","ping_status":"closed","template":"","meta":[],"_links":{"self":[{"href":"https:\/\/viajuntos.com.br\/wordpress\/wp-json\/wp\/v2\/pages\/11214"}],"collection":[{"href":"https:\/\/viajuntos.com.br\/wordpress\/wp-json\/wp\/v2\/pages"}],"about":[{"href":"https:\/\/viajuntos.com.br\/wordpress\/wp-json\/wp\/v2\/types\/page"}],"author":[{"embeddable":true,"href":"https:\/\/viajuntos.com.br\/wordpress\/wp-json\/wp\/v2\/users\/2"}],"replies":[{"embeddable":true,"href":"https:\/\/viajuntos.com.br\/wordpress\/wp-json\/wp\/v2\/comments?post=11214"}],"version-history":[{"count":16,"href":"https:\/\/viajuntos.com.br\/wordpress\/wp-json\/wp\/v2\/pages\/11214\/revisions"}],"predecessor-version":[{"id":11240,"href":"https:\/\/viajuntos.com.br\/wordpress\/wp-json\/wp\/v2\/pages\/11214\/revisions\/11240"}],"wp:attachment":[{"href":"https:\/\/viajuntos.com.br\/wordpress\/wp-json\/wp\/v2\/media?parent=11214"}],"curies":[{"name":"wp","href":"https:\/\/api.w.org\/{rel}","templated":true}]}}

Mini Campervans &#8211; As vantangens de ter um quase motorhome (Só que não)

<h1><strong>Este espaço é dedicado aos engenheiros (kkkkk), que montam sua pequena casa  em um carro.</strong></h1>
<p> </p>
<h2 style="text-align: center;"><strong>Mini Camper &#8211; Fiat Ideia 2012</strong></h2>



<figure class="wp-block-image"><img decoding="async" loading="lazy" width="1024" height="768" src="http://www.viajuntos.com.br/wordpress/wp-content/uploads/2019/11/IMG_20191117_090010819-1024x768.jpg" alt="" class="wp-image-11216" srcset="https://viajuntos.com.br/wordpress/wp-content/uploads/2019/11/IMG_20191117_090010819.jpg 1024w, https://viajuntos.com.br/wordpress/wp-content/uploads/2019/11/IMG_20191117_090010819-300x225.jpg 300w, https://viajuntos.com.br/wordpress/wp-content/uploads/2019/11/IMG_20191117_090010819-768x576.jpg 768w, https://viajuntos.com.br/wordpress/wp-content/uploads/2019/11/IMG_20191117_090010819-475x356.jpg 475w, https://viajuntos.com.br/wordpress/wp-content/uploads/2019/11/IMG_20191117_090010819-360x270.jpg 360w" sizes="(max-width: 1024px) 100vw, 1024px" /><figcaption>                                                                               <strong>Olha o sorriso de alegria</strong></figcaption></figure>





<figure class="wp-block-image is-resized"><img decoding="async" loading="lazy" src="http://www.viajuntos.com.br/wordpress/wp-content/uploads/2019/11/download-1.png" alt="" class="wp-image-11219" width="652" height="546" srcset="https://viajuntos.com.br/wordpress/wp-content/uploads/2019/11/download-1.png 493w, https://viajuntos.com.br/wordpress/wp-content/uploads/2019/11/download-1-300x251.png 300w, https://viajuntos.com.br/wordpress/wp-content/uploads/2019/11/download-1-475x398.png 475w" sizes="(max-width: 652px) 100vw, 652px" /><figcaption>                                                                 <strong>Você pode acampar em qualquer lugar</strong></figcaption></figure>



<figure class="wp-block-image is-resized"><img decoding="async" loading="lazy" src="http://www.viajuntos.com.br/wordpress/wp-content/uploads/2019/11/download-1-1.png" alt="" class="wp-image-11220" width="638" height="534" srcset="https://viajuntos.com.br/wordpress/wp-content/uploads/2019/11/download-1-1.png 493w, https://viajuntos.com.br/wordpress/wp-content/uploads/2019/11/download-1-1-300x251.png 300w, https://viajuntos.com.br/wordpress/wp-content/uploads/2019/11/download-1-1-475x398.png 475w" sizes="(max-width: 638px) 100vw, 638px" /><figcaption>                                                      <strong>Lavar a louça em qualquer lugar é sensacional. kkkkk</strong> </figcaption></figure>



<figure class="wp-block-image is-resized"><img decoding="async" loading="lazy" src="http://www.viajuntos.com.br/wordpress/wp-content/uploads/2019/11/download-2.png" alt="" class="wp-image-11222" width="651" height="545" srcset="https://viajuntos.com.br/wordpress/wp-content/uploads/2019/11/download-2.png 493w, https://viajuntos.com.br/wordpress/wp-content/uploads/2019/11/download-2-300x251.png 300w, https://viajuntos.com.br/wordpress/wp-content/uploads/2019/11/download-2-475x398.png 475w" sizes="(max-width: 651px) 100vw, 651px" /><figcaption>                                                      <strong>        Poder escolher a melhor vista do quarto.</strong></figcaption></figure>





<div class="wp-block-image"><figure class="aligncenter is-resized"><img decoding="async" loading="lazy" src="http://www.viajuntos.com.br/wordpress/wp-content/uploads/2019/11/download-3.png" alt="" class="wp-image-11224" width="672" height="562" srcset="https://viajuntos.com.br/wordpress/wp-content/uploads/2019/11/download-3.png 493w, https://viajuntos.com.br/wordpress/wp-content/uploads/2019/11/download-3-300x251.png 300w, https://viajuntos.com.br/wordpress/wp-content/uploads/2019/11/download-3-475x398.png 475w" sizes="(max-width: 672px) 100vw, 672px" /><figcaption>                                                                 <strong>    Fazer refeições ao  na natureza</strong></figcaption></figure></div>



<div class="wp-block-image"><figure class="aligncenter is-resized"><img decoding="async" loading="lazy" src="http://www.viajuntos.com.br/wordpress/wp-content/uploads/2019/11/download-4.png" alt="" class="wp-image-11225" width="676" height="566" srcset="https://viajuntos.com.br/wordpress/wp-content/uploads/2019/11/download-4.png 493w, https://viajuntos.com.br/wordpress/wp-content/uploads/2019/11/download-4-300x251.png 300w, https://viajuntos.com.br/wordpress/wp-content/uploads/2019/11/download-4-475x398.png 475w" sizes="(max-width: 676px) 100vw, 676px" /><figcaption>                             <strong>                Aula de Culinária ao ar livre  (Não tem preço)</strong></figcaption></figure></div>



<figure class="wp-block-image is-resized"><img decoding="async" loading="lazy" src="http://www.viajuntos.com.br/wordpress/wp-content/uploads/2019/11/download-5.png" alt="" class="wp-image-11229" width="653" height="547" srcset="https://viajuntos.com.br/wordpress/wp-content/uploads/2019/11/download-5.png 493w, https://viajuntos.com.br/wordpress/wp-content/uploads/2019/11/download-5-300x251.png 300w, https://viajuntos.com.br/wordpress/wp-content/uploads/2019/11/download-5-475x398.png 475w" sizes="(max-width: 653px) 100vw, 653px" /><figcaption>                                                                    <strong>Acordar cada dia em um lugar novo</strong></figcaption></figure>



<h3>Se você esta lendo este post e tem um carro adaptado para viajar, nos conte aqui nos comentários. Queremos conhecer outros projetos como o nosso, vamos trocar figurinhas ;).</h3>



[embedyt] https://www.youtube.com/watch?v=q_odDhOmZ2M[/embedyt]

<p>Este espaço é dedicado aos engenheiros (kkkkk), que montam sua pequena casa  em um carro.   Mini Camper &#8211; Fiat [&hellip;]</p>
